Is 32321 a prime number?
True
Is 80467 prime?
False
Is 3047 a prime number?
False
Is 82063 a composite number?
True
Is 4829 a composite number?
True
Is 11887 a prime number?
True
Is 1543 prime?
True
Is 5539 prime?
False
Is 214937 a composite number?
True
Is 235699 a prime number?
True
Is 34745 composite?
True
Is 165559 prime?
True
Is 137642 prime?
False
Is 293 a composite number?
False
Is 42841 a composite number?
False
Is 275237 composite?
True
Is 10231 composite?
True
Is 14119 prime?
False
Is 1257 a composite number?
True
Is 3817 a prime number?
False
Is 61123 composite?
True
Is 1234909 composite?
True
Is 9745 prime?
False
Is 1660657 prime?
False
Is 33209 composite?
True
Is 293329 composite?
False
Is 6521 composite?
False
Is 255887 prime?
True
Is 18863 a prime number?
False
Is 77393 prime?
False
Is 51751 prime?
False
Is 105491 composite?
False
Is 195799 prime?
False
Is 161123 prime?
True
Is 322909 prime?
False
Is 44791 composite?
True
Is 37519 prime?
False
Is 78817 prime?
False
Is 748333 prime?
False
Is 7477 a composite number?
False
Is 7639 prime?
True
Is 200633 composite?
True
Is 2411 prime?
True
Is 25687 a composite number?
True
Is 43499 prime?
True
Is 5506 composite?
True
Is 11329 a prime number?
True
Is 3203 a composite number?
False
Is 103511 prime?
True
Is 419 a prime number?
True
Is 60767 a prime number?
False
Is 552103 a composite number?
False
Is 10453 a prime number?
True
Is 3897338 prime?
False
Is 758383 prime?
True
Is 194531 composite?
True
Is 402847 a prime number?
True
Is 170959 a prime number?
False
Is 1647881 prime?
False
Is 6947 a composite number?
False
Is 344039 a prime number?
True
Is 253991 a composite number?
True
Is 8003 prime?
False
Is 1007 prime?
False
Is 1246559 composite?
True
Is 1185179 composite?
False
Is 42557 prime?
True
Is 315049 a prime number?
False
Is 30757 composite?
False
Is 343397 a prime number?
False
Is 209413 a prime number?
False
Is 160009 prime?
True
Is 27289 composite?
True
Is 61283 prime?
True
Is 64339 composite?
True
Is 2298223 a composite number?
False
Is 1602014 composite?
True
Is 11047 composite?
False
Is 7283 a composite number?
False
Is 10021 prime?
False
Is 23369 prime?
True
Is 60097 a composite number?
True
Is 3137 a composite number?
False
Is 18182 prime?
False
Is 4441 composite?
False
Is 2368309 prime?
True
Is 42899 a composite number?
False
Is 33563 a prime number?
True
Is 54061 a composite number?
True
Is 79505 a composite number?
True
Is 5773 composite?
True
Is 19973 a composite number?
False
Is 88797 a prime number?
False
Is 32401 a composite number?
False
Is 65479 prime?
True
Is 23261 composite?
True
Is 152573 a prime number?
False
Is 14509 prime?
False
Is 51599 prime?
True
Is 14713 a prime number?
True
Is 130049 a composite number?
True
Is 4783 composite?
False
Is 11233 prime?
False
Is 102682 composite?
True
Is 4711699 composite?
False
Is 7283 a composite number?
False
Is 5182 prime?
False
Is 77329 composite?
True
Is 546901 a prime number?
False
Is 117391 a composite number?
True
Is 152909 a composite number?
False
Is 8095 prime?
False
Is 4441 prime?
True
Is 4561 a prime number?
True
Is 191 a prime number?
True
Is 39821 composite?
False
Is 468761 a prime number?
True
Is 19871 composite?
True
Is 304189 a prime number?
False
Is 12197 a prime number?
True
Is 143917 prime?
False
Is 17107 a prime number?
True
Is 52627 composite?
False
Is 253853 a prime number?
True
Is 24191 composite?
True
Is 1219 composite?
True
Is 370129 a composite number?
True
Is 22769 prime?
True
Is 211277 composite?
True
Is 2 a composite number?
False
Is 45547 prime?
False
Is 92623 a prime number?
True
Is 373969 a prime number?
True
Is 6983 composite?
False
Is 307301 a composite number?
False
Is 2939 prime?
True
Is 29243 prime?
True
Is 16183 a prime number?
True
Is 26977 a prime number?
False
Is 39679 a prime number?
True
Is 1261 prime?
False
Is 769 a composite number?
False
Is 1835 composite?
True
Is 15727 a composite number?
False
Is 19441 composite?
False
Is 339866 prime?
False
Is 443603 a composite number?
False
Is 355609 a prime number?
True
Is 16413 a composite number?
True
Is 7453 composite?
True
Is 451381 a composite number?
True
Is 355967 a composite number?
False
Is 435583 a prime number?
True
Is 1099 prime?
False
Is 13119 a composite number?
True
Is 17246 prime?
False
Is 136811 composite?
False
Is 2413 a composite number?
True
Is 327647 prime?
True
Is 89 a prime number?
True
Is 21313 a prime number?
True
Is 105169 prime?
False
Is 63221 a composite number?
True
Is 2598083 a prime number?
False
Is 54037 a composite number?
False
Is 34801 composite?
True
Is 14051 composite?
False
Is 533347 a composite number?
True
Is 1861 composite?
False
Is 13841 a prime number?
True
Is 662 a composite number?
True
Is 242237 prime?
False
Is 1041907 a composite number?
False
Is 108611 a prime number?
False
Is 31547 a prime number?
True
Is 91883 a composite number?
True
Is 487279 a prime number?
False
Is 59579 a prime number?
False
Is 63485 a composite number?
True
Is 6547 composite?
False
Is 4861 composite?
False
Is 707489 prime?
False
Is 61283 composite?
False
Is 33131 prime?
False
Is 101417 a prime number?
False
Is 262427 a prime number?
False
Is 226741 composite?
False
Is 168193 a prime number?
True
Is 187366 prime?
False
Is 79367 a prime number?
True
Is 243769 composite?
False
Is 291083 prime?
False
Is 14113 a composite number?
True
Is 1512767 composite?
False
Is 9179 a prime number?
False
Is 7993 a prime number?
True
Is 5941 a composite number?
True
Is 1367 a composite number?
False
Is 195323 a prime number?
False
Is 15919 composite?
False
Is 2777 a composite number?
False
Is 632033 prime?
False
Is 44809 a prime number?
True
Is 1543 a prime number?
True
Is 239299 a prime number?
False
Is 246265 a composite number?
True
Is 399907 composite?
True
Is 899 prime?
False
Is 2459 prime?
True
Is 4711 a prime number?
False
Is 15943 composite?
True
Is 57802 composite?
True
Is 2491 prime?
False
Is 408437 a composite number?
False
Is 68729 composite?
False
Is 314797 a prime number?
False
Is 6107 a composite number?
True
Is 6337 composite?
False
Is 706541 prime?
False
Is 2099 a prime number?
True
Is 67679 a prime number?
True
Is 62273 a composite number?
False
Is 12889 prime?
True
Is 1213781 a prime number?
True
Is 2231 a composite number?
True
Is 2393 a prime number?
True
Is 132997 a prime number?
False
Is 2903 a composite number?
False
Is 284851 a composite number?
True
Is 1403 a prime number?
False
Is 66577 prime?
False
Is 249059 a composite number?
False
Is 92159 a composite number?
True
Is 15259 a prime number?
True
Is 435709 a composite number?
False
Is 233077 a composite number?
True
Is 68803 a composite number?
True
Is 21639 a composite number?
True
Is 17543 a prime number?
False
Is 26627 a composite number?
False
Is 60267 a prime number?
False
Is 225103 prime?
False
Is 46049 a prime number?
True
Is 200087 a prime number?
True
Is 41867 a composite number?
True
Is 135059 a prime number?
True
Is 1664503 composite?
True
Is 64709 composite?
False
Is 1739 prime?
False
Is 18529 composite?
True
Is 687377 prime?
False
Is 203141 composite?
False
Is 38431 a prime number?
True
Is 13771 a composite number?
True
Is 16129 a prime number?
False
Is 2149 composite?
True
Is 42079 a composite number?
True
Is 187591 a prime number?
False
Is 133571 composite?
False
Is 107443 prime?
False
Is 1875143 prime?
True
Is 142019 composite?
False
Is 13047 a composite number?
True
Is 1431877 a composite number?
True
Is 51539 composite?
False
Is 1969147 a composite number?
False
Is 197287 a prime number?
False
Is 67127 composite?
True
Is 1362017 a prime number?
True
Is 25049 a composite number?
True
Is 52619 a prime number?
False
Is 10315 composite?
True
Is 26707 a composite number?
True
Is 96427 a composite number?
True
Is 2532181 a composite number?
True
Is 112841 composite?
True
Is 4327 a composite number?
False
Is 112643 composite?
False
Is 59467 prime?
True
Is 90689 prime?
False
Is 187 a composite number?
True
Is 2490359 a prime number?
False
Is 641 a composite number?
False
Is 116599 composite?
True
Is 954619 a prime number?
True
Is 51607 composite?
False
Is 57751 a composite number?
False
Is 12422 composite?
True
Is 28699 a prime number?
False